+ 11*i + 56. Let p(u) = -7*k(u) + 6*v(u). What is p(-7)?
7
Let l(x) = -x**2 + 4*x + 11. Let f be 8 - ((-24)/10)/(90/(-300)). What is l(f)?
11
Suppose 4*r = 3*v + 31, -5*r + 4*v - 4 + 43 = 0. Suppose 25 = -r*t - 52. Let q(n) = n**3 + 12*n**2 + 11*n + 3. Determine q(t).
3
Let v be (-9)/18*(-8 - -6) - (0 + 1). Let q(c) = c + c - 1 + 6. Let h(b) = b + 2. Let g(k) = 7*h(k) - 3*q(k). What is g(v)?
-1
Let d(w) = 57994 + w**3 + 345*w**2 - 57814 - 4*w + 0*w**3 - 390*w**2. What is d(45)?
0
Suppose -r + 2*r - 3 = 0. Let c(z) = -34*z + 58. Let k(x) = 6*x - 12. Let d(l) = c(l) + 5*k(l). Determine d(r).
-14
Let j(d) = -d**2 + 17*d + 12. Let r = 10272 - 10257. Determine j(r).
42
Let v(g) = -14*g**3 - g**2 - 2*g - 7. Let j(x) = -15*x**3 - x**2 - x - 5. Let n(u) = -3*j(u) + 2*v(u). Give n(1).
18
Let d(x) = -3*x**3 + 3 - 2*x**2 - 4*x + 5*x**2 - 9*x**3 + 11*x**3. Suppose 33*k + 12 = 4*s + 30*k, 0 = -5*s + k + 15. Give d(s).
-9
Let f(l) = l - 17. Let a be (2/(-3))/1 + 6533/417. What is f(a)?
-2
Let i(z) = 2*z - 310. Let k(u) = -u + 137. Let l(g) = 4*i(g) + 9*k(g). What is l(4)?
-11
Let m(n) = 12 - 54403961*n**3 + 6*n + 54403960*n**3 - 5. Calculate m(4).
-33
Let k = 58 + -51. Suppose 0 = -2*d + 17 - k. Let v(n) = 9*n + d - 4*n - 3*n. Determine v(5).
15
Let j(l) = l**3 + 25*l**2 + 23*l - 55. Let u be (-267)/712 + (-189)/8. Calculate j(u).
-31
Let g(q) = -2*q**2 - 10*q - 17. Let s(o) = -o**3 + 35*o**2 - 155*o + 145. Let j be s(30). Give g(j).
-17
Let m(y) be the first derivative of y**3/3 - 5*y**2/2 - 3*y - 8932. Let p(c) = 4*c**2 + c. Let z be p(-1). Suppose a - 15 = -z*j + 2*a, a = 0. Determine m(j).
-3
Let j(m) = -m + 1. Suppose 344*l = 352*l - 304. Suppose -3*k + 2*o = -34, 0 = 5*o + l - 28. Give j(k).
-9
Let j(h) = -h + 8. Let l be j(-12). Let a be 54/30*l/6. Let t(p) = -a*p**3 + 4*p**3 + 3*p**3 + 1 - 2*p - 2*p**2 - 4*p. Give t(4).
9
Let o(d) be the third derivative of 2/3*d**3 - 4*d**2 - 1/60*d**5 + 21 - 1/6*d**4 + 0*d. Give o(-8).
-28
Suppose 5*n = 8*n + 3*i - 417, 4*i + 424 = 3*n. Let o = n + -144. Let f(v) = 5 - 3 - 3 - v - v**2. Give f(o).
-13
Let a(d) = d**3 + 2 - 2 - 4*d - 1 - 2. Let x = -864 - -861. Determine a(x).
-18
Let d(f) = 0 + 3*f + 8 - 2. Let g(j) = 2*j**3 - 57*j**2 - 34*j + 137. Let u be g(29). Determine d(u).
-18
Let w(d) = 2*d**2 - 25*d + 10. Let n be w(12). Let u be -2 + (-38)/n + -2. Suppose -12*c = -u*c - 6. Let s(g) = -g**3 - g**2 + 2*g. Determine s(c).
0
Let m(v) = 5*v**2 - 26*v + 26. Let o(z) = z**2 - 6*z + 7. Let p(q) = -2*m(q) + 9*o(q). Calculate p(-5).
-4
Let g(d) = 6*d + 13*d - 9*d + 76*d - 21*d + 5. Determine g(1).
70
Let k = 4370 - 4358. Let s(y) = -y**2 + 9*y - 6. Give s(k).
-42
Let q = -22067 - -22063. Let y(l) = -l**3 - 2*l**2 + 14*l + 16. What is y(q)?
-8
Let j(v) be the second derivative of -v**4/2 + v**3/3 + v**2 - v + 47. Let y be -2 + 9 + (-4 - 1). Calculate j(y).
-18
Let y = 587 - -154. Let r(c) = 5*c**3 - y*c**2 + 373*c**2 - 4*c**3 - 5 + 374*c**2. Let i = -8 + 2. Give r(i).
-5
Let s(l) = -l - 2. Let q = -51 - -45. Let b be s(q). Suppose j + 0*j - b*w = -5, 2*j = 5*w - 7. Let v(a) = -a + 1. Give v(j).
2
Let n(q) = 18*q**2 - 1142 + q**3 + 1132 - 8*q**2. Give n(-10).
-10
Let g(a) = a - 2. Let b be g(6). Let j(h) be the first derivative of -h**2 + 7*h + 4535. Calculate j(b).
-1
Let w(s) = -s**3 - s**2 - 2*s - 1. Let t be (-2)/((5/(-75))/((-1)/(-2))). Suppose -105*h + t = -110*h. What is w(h)?
23
Let k(i) be the first derivative of -i**2/2 + 3*i - 3. Let m(u) = 2*u**2 + 41*u + 80. Let b be m(-2). What is k(b)?
-3
Let s(v) = -34*v + 45 + 0*v**3 - 6*v + 0 + 3*v**3 + 35*v - 42*v**2. Determine s(14).
-25
Let m(p) = -7*p - 6. Suppose 16 = 10*g - 44. Let u(x) = x + 1. Let r(n) = -4*n - 4. Let b(c) = -2*r(c) - 7*u(c). Let h(v) = g*b(v) + m(v). What is h(6)?
-6
Let b(p) = 21*p - 43*p + 19*p + 207 - 8 + 21*p. Give b(-11).
1
Let p(v) be the first derivative of 7*v**2/2 + v - 447. Calculate p(3).
22
Let s(i) = -11*i**2 - 22*i + 105. Let n(m) = -5*m**2 - 11*m + 44. Let t(q) = 9*n(q) - 4*s(q). Calculate t(-3).
0
Let v(t) = t + 22. Let x(j) = -j**3 - 32*j**2 + 36*j + 89. Let h be x(-33). Determine v(h).
12
Suppose -4*q + 30 = -272*m + 274*m, m + q - 11 = 0. Let u(y) = y**2 - 7*y - 21. Determine u(m).
-21
Let u(w) = -3*w**3 - 2*w**2 + 1. Let v be u(-1). Let f(j) = 2*j**2 - j + 4. Let m(b) = -2*b**2 + 2*b - 10. Let s(i) = -5*f(i) - 2*m(i). What is s(v)?
-22
Let o(x) = 2*x - 3. Let q(s) = -2*s**3 + 8*s - 10. Let t be q(3). Let m be (60/t)/(2/4) + 9. Give o(m).
9
Let g(v) = -30*v - 483. Let o = 37125 + -37141. Determine g(o).
-3
Let p(z) = 2*z + 19. Suppose -4 = -4*w, -6*g - 3*w = -9*g - 3. Let h(k) = -k**2 - 3*k - 15. Let r be h(g). Determine p(r).
-11
Let k be (-13 - -2) + (5 + 370/(-75))*15. Let n(t) = -9*t**2 - 3*t**3 - 4*t + 0*t - 12 + 14*t + 2*t**3. What is n(k)?
-12
Let b(c) = -c**3 + 33*c**2 - 13099*c - 37*c**2 + 0*c**3 + 11 + 7 + 13106*c. Give b(-6).
48
Let k(s) = s**2 - 3*s + 5. Suppose 2*x = -7*x + 3186. Let b = 357 - x. Calculate k(b).
5
Let d(a) = -a**2 - 9*a - 5. Let g(i) = -3*i**2 - 26*i - 14. Let n(l) = -17*d(l) + 6*g(l). Let j = -238160 + 238155. Calculate n(j).
-9
Suppose -17*q + 3*f = -15*q + 5, -4*f + 8 = -2*q. Let v(z) be the third derivative of -1/12*z**4 + 0*z + 2/3*z**3 + 0 - 17*z**q. Determine v(-5).
14
Let j(z) = 2*z**2 - 20*z + 27. Suppose 465 - 137 = 41*b. Let l be j(b). Let f(y) = 3*y + 12. Give f(l).
-3
Suppose 0 = -3*b + 17 + 4. Let r(t) = 27*t**3 + 8*t**2 + t + 24. Let c(a) = -47*a**3 - 16*a**2 - 40. Let f(y) = 4*c(y) + 7*r(y). Determine f(b).
8
Suppose 8*y - 5*k = 7*y, 4*k = 2*y. Suppose y*l = -5*l - 3*c + 9, -l - 3 = -c. Suppose l*t = -t - 1. Let v(r) = -r**2 - r. What is v(t)?
0
Let q(j) be the third derivative of 11*j**6/120 - j**5/60 - j**2. Let a be 1 + 7 - ((-36)/4 + 16). Calculate q(a).
10
Let x(v) be the second derivative of -v**3/3 + v**2/2 + 712*v. Calculate x(-1).
3
Let a(f) be the third derivative of -f**4/6 + 17*f**3/3 + 131*f**2 - 2. Give a(6).
10
Suppose -8*y - 18 = -10. Let i(a) = -10*a**3 + 13*a**3 + 2*a**2 - 3*a**2. Give i(y).
-4
Let t(n) = 2*n**3 + 32*n**2 - 63*n - 27. Let u(p) = p**3 + 10*p**2 - 31*p - 13. Let k(b) = 2*t(b) - 5*u(b). Give k(16).
-37
Suppose -28 = -3*k - 4. Let h(t) = 5*t**2 + 27*t + 72. Let w(u) = -u**2 - 7*u - 16. Let m(r) = 2*h(r) + 9*w(r). What is m(k)?
-8
Let y(t) = t**3 - 3*t**2 - 5*t + 6. Let w be -1 - (2/(-8) + 115/(-20)). Suppose -4*l = -3*n - 19, w*l = 4*l - n + 3. What is y(l)?
2
Let z(w) be the third derivative of -w**6/120 + w**3/6 - 16840*w**2. Let p = 1 + 0. What is z(p)?
0
Let k(w) = w - 33. Let j(u) = u - 85. Let d(x) = -2*j(x) + 6*k(x). What is d(7)?
0
Suppose 24 = 5*c + 9. Let q(r) = 10 - 5 + c + r. Give q(0).
8
Let h(g) = -g + 1. Let a(r) = -1. Let d(l) = 5*a(l) + 3*h(l). Let m(b) = b**2. Let x be m(-3). Let z(n) = n**2 - 10*n + 5. Let q be z(x). Determine d(q).
10
Let p(b) = 2*b**2 + 12*b + 6. Suppose 48*q + 0*q + 384 = 0. What is p(q)?
38
Let r(m) = -22 + m**2 + 33*m - 140*m + 98*m. Calculate r(11).
0
Let q be (-11 + -1)*(0 - (-3)/(-18)). Let s be (-70)/(-6) - 3/(-9). Suppose -q*x = s - 0. Let w(n) = n + 3. Determine w(x).
-3
Let d(r) be the second derivative of -3*r**5/10 - r**3/6 + r**2/2 - 29*r + 2. What is d(1)?
-6
Let m(o) = o - 2*o + 2*o + 4 - 11*o. Suppose -3*u = -3*p - 15, u = -0*u - 5*p - 13. Let i(t) = -3*t + 1. Let y(v) = u*m(v) - 7*i(v). Determine y(-5).
-4
Suppose 5*d - 1068 = l - 2*l, -5*d + 2*l + 1059 = 0. Let n = 218 - d. Let o(v) = v**3 - 5*v**2 + v - 4. Calculate o(n).
1
Let v(l) = 6*l**2 + 6987 - l - 7001 - 5*l**2. Give v(-3).
-2
Let y(o) = -o**2 - 18*o - 51. Suppose 763*u - 9 - 25 = 765*u. Calculate y(u).
-34
Let p(a) be the first derivative of -a + 1/4*a**4 + 2*a**3 + 131 + 5/2*a**2. Let d = 9 - 14. Calculate p(d).
-1
Suppose 2*w = -16, 5*d - 5*w + 91 = 71. Let m(o) = -2*o**3 - 22*o**2 + 27*o + 35. What is m(d)?
-1
Let v(q) = -63*q**2 - 2*q + 11. Let c(r) = -32*r**2 - r + 6. Let u(g) = -11*c(g) + 6*v(g). Let o be 1/3*135/54*18/15. Calculate u(o).
-27
Let t(f) = f - 11. Let r be t(9). Let s = 116 + -111. Let n(j) = s*j - 10 - 5*j + 12 - 5*j. Calculate n(r).
12
Let s(m) = -3*m**2 - 2*m - 1. Let y = -53 - -53. Suppose y = -10*v - 20 - 610. Let w = v + 62. Calculate s(w).
-2
Let n(w) = w. Let r(c) = 2*c - 17. Let l(o) = 3*n(o) - r(o